et m(k) = c*x(k) + 3*n(k). Determine m(-2).
2
Suppose 59 - 73 = 7*j. Let r(d) be the first derivative of d**2/2 + d + 1. Calculate r(j).
-1
Let n be 3 + 3 + -1 + 1. Suppose p - n + 2 = 0. Let u(o) = 5*o**2 - o - 4*o + 3 - o**3 + 0*o. What is u(p)?
-1
Let s(a) = a**2 - a - 3. Suppose 0 = -0*d - d. Determine s(d).
-3
Let v = 1 + 8. Let g be (-2)/8 - v/(-4). Let u(i) = i**2 - 3 + 1 - 4*i - g*i. Calculate u(5).
-7
Let o(x) be the first derivative of -3*x**2/2 + 2*x + 7. Let w be 2 - 5 - (-2 + -3). Give o(w).
-4
Let y(f) = -f**2 + 7*f + 10. Suppose 17*b = 235 - 82. Determine y(b).
-8
Let a(y) be the first derivative of y**4/4 - 5*y**3/3 - y**2/2 + 4*y + 16. Give a(5).
-1
Let c = 8 + -5. Suppose -2*n - 5*k + 2 = 0, 5*n - 3*k = 2 + c. Let j(i) = -4*i**3 + i**2 + i - 1. Calculate j(n).
-3
Let f(b) = -b**3 - 4*b**2 + 4*b - 4. Let j(m) = -m**2 - 3*m - 3. Let u be j(-3). Let y be -1 - u/(6/(-8)). Calculate f(y).
1
Let a = -3 - -4. Let b(o) = -3*o**2 + 4*o + 1. Let h(p) = -4*p**2 + 5*p + 1. Let y(z) = 5*b(z) - 4*h(z). Calculate y(a).
2
Let c(d) = -6*d**3 + 8*d**2 + 11*d - 6. Let s(u) = -u**3 + u**2 + u. Let w(i) = -c(i) + 5*s(i). Give w(4).
-2
Let m(r) = -2*r + 4*r**2 - 1 + 3*r + 0. Suppose -2*d - 2*d = -5*x + 13, 4*x - 8 = 2*d. Determine m(x).
4
Let n(a) = 3*a - 19. Let o(q) = -q + 10. Let m(p) = 2*n(p) + 5*o(p). Let k = -31 + 19. Let d be m(k). Let b(u) = u**2 + u - 2. Determine b(d).
-2
Let h be 68/(-51)*(-3)/2. Let a(r) = -r**3 + 2*r**2 - r + 1. Determine a(h).
-1
Let p(a) = -5*a + 12. Let f(u) = 9*u - 23. Let o(w) = -6*f(w) - 11*p(w). Let m(l) = l**2 + l. Let y be m(0). Determine o(y).
6
Let z = -8 + 6. Let t(x) = -2*x**2 - x + 2. Let l be t(z). Let s(g) be the second derivative of g**3/6 + 32*g. What is s(l)?
-4
Let a = 35 + -14. Suppose -j + 2*y + 6 = 0, 4*j - y = 4*y + a. Suppose -s + 5*s = j. Let x(h) = 3*h. Give x(s).
3
Let w(o) be the first derivative of o**2/2 - 7*o - 1. Let i be 4 - 2/(2/(-1)). Give w(i).
-2
Let i(m) be the third derivative of -m**6/120 + m**5/20 + 5*m**4/12 - 2*m**3/3 - 42*m**2. Calculate i(5).
-4
Let u(o) = -3*o - 3*o - 1 - 4*o. Let d be ((2 + 2)/2)/(-2). Calculate u(d).
9
Let x(q) = -q**3 - 3*q**2 + 5*q + 3. Let i be x(-4). Let n(h) = -5*h + 1. What is n(i)?
6
Let k(w) = 3*w. Suppose 25 = 5*h, -n + 17 = 3*h - 4. Suppose 12 - 9 = o. Let s be (3/(-2))/(o/n). What is k(s)?
-9
Let f(d) = -d**2 + 4*d + 2. Let b(j) = -j - 4. Let k be b(-4). Let w = 1 + k. Let h = 4 - w. Give f(h).
5
Let u(s) = -s**2 - 3*s - 2. Suppose 14 - 42 = -2*i. Suppose 2 = 3*l + i. What is u(l)?
-6
Let c(w) = 3*w**3 - 7*w**2 + 2*w + 2. Let r(v) = 4*v**3 - 8*v**2 + 3*v + 1. Let a(j) = 3*c(j) - 2*r(j). Give a(5).
4
Let z(q) be the third derivative of 0*q - 1/4*q**4 - 8*q**2 + 0 + 1/6*q**3. Let x = 1 - 0. Determine z(x).
-5
Let j(y) = -y**2 - 4*y + 1. Suppose 5*g + 28 = 8. What is j(g)?
1
Let q(p) = -p**3 + 5*p**2 - 4*p + 1. Let b be q(3). Let c be (3/2)/(b/14). Let l(g) = 2*g. Determine l(c).
6
Suppose -2*v - 20 = 3*o, -4*v - 13 - 17 = o. Let k = 12 + v. Let d(b) = b**2 - 6*b + 3. Determine d(k).
-2
Let m(a) = a**2 + 3*a + 1. Let x(q) = -q**2 + 6*q - 1. Let f be x(6). Let o = -2 - f. Determine m(o).
-1
Let i(y) = 0*y + 5*y + 9 - y**2 - 11. Calculate i(6).
-8
Let a(j) = -3*j. Let p = -4 + 7. Suppose 2*u - 5*o + o + 6 = 0, 3 = 4*u - p*o. Let w(z) = -z**3 + 4*z**2 - 2*z - 1. Let g be w(u). What is a(g)?
-6
Let u(k) be the third derivative of -k**4/24 - k**3/3 + 2*k**2. Give u(3).
-5
Let r(h) = -2 + 0 + 2*h**2 + 8*h + 2 - 4. Let s be r(-6). Suppose -2*v + v + 4 = c, 5*c - s = -3*v. Let u(m) = -m**2 + 4. Give u(v).
4
Suppose 5 = 5*t - 0. Let s(f) be the second derivative of f**4/4 + f**2/2 - f. Determine s(t).
4
Let x(d) be the second derivative of -d**5/20 + d**4/3 + 7*d**3/6 - 2*d**2 + 42*d. Give x(5).
6
Let j be (21/12)/((-8)/32). Let y(g) = -g**2 - 8*g + 5. Calculate y(j).
12
Let j(v) = 2*v**2 - 6*v - 5. Let x(t) = t**2 + t - 1. Let p(z) = -j(z) + x(z). Determine p(7).
4
Let t be (-10)/(-3)*6/(-5). Let w(h) = -h**2 - 2*h + 4. What is w(t)?
-4
Let v(t) be the second derivative of -1/3*t**3 + 0*t**2 + 1/6*t**4 - t + 0 - 1/10*t**5. What is v(2)?
-12
Let s(u) = 14*u**3 - 2*u**2 - 8*u + 14. Let y(q) = -5*q**3 + q**2 + 3*q - 5. Let d(t) = -4*s(t) - 11*y(t). Calculate d(-2).
-3
Let m = 19 + -18. Let f = -1 + m. Let b(a) = -a**2 - a - 8. Determine b(f).
-8
Let b(g) = -7*g**2 + 2 - 5*g - 18*g**3 - 4 + 3*g**2 + 17*g**3. Give b(-3).
4
Suppose 2*i - 12 = -i, 0 = -5*z - 3*i - 3. Let n(s) = s**2 + 2*s - 1. Give n(z).
2
Let y(q) = -5*q**2 - 10*q - 3. Let g(u) = 9*u**2 + 19*u + 5. Let c(v) = -4*g(v) - 7*y(v). Determine c(-6).
1
Suppose 3*a + 2 = -4, -a = -5*o + 32. Suppose -12 = -o*c + 2*c. Let t(n) = -n - 1. Determine t(c).
-4
Let f(v) = v**2 + 6*v + 1. Suppose -2*d = -5*d + 3. Let a be (d/(-2))/((-2)/56). Let r be (-46)/a - 8/(-28). Determine f(r).
-8
Let j(p) = -p**2 - 7*p - 5. Let m be (-6)/(-4)*8/(-6). Let r(x) = -2*x**2 - 2*x. Let w be r(m). What is j(w)?
7
Let h(k) = -2*k**2 + 2*k + 1. Let x be -3 - (-7 - (2 + -2)). Suppose x*p - 4*j - 16 + 4 = 0, -2*p + 18 = -5*j. Give h(p).
-3
Let h(c) = -c - 2. Suppose 0 = 2*k - 7*k. Suppose -26 = y + 6*u - u, y + 2*u + 11 = 0. Let q be (1 - 1)/(k - y). Give h(q).
-2
Let f(u) be the third derivative of -u**5/60 + 2*u**3/3 - 8*u**2. Give f(0).
4
Let y(z) = -z + 5. Let v be y(4). Let h(q) = 6*q**3 + q**2 - 2*q + 1. Calculate h(v).
6
Let q(l) = 2*l**2 - 2. Suppose 12 = -2*x + 5*g + 1, 0 = -5*x - 3*g + 19. Give q(x).
6
Suppose 2*v - s = 0, -3*s = -v - s. Let w(c) = c - 4*c - c**2 + 2*c**2 + 4*c. Determine w(v).
0
Let r(l) = 0*l - l - 2 - l**2 - 2*l. Suppose 5*i - 21 = 8*i - 5*j, 4*i + 5*j = 7. What is r(i)?
0
Let k(n) = -n**2 - 2*n - 1. Let m(c) = c**2 + 2*c + 1. Let b be m(-5). Let s be (12/b)/((-1)/4). What is k(s)?
-4
Let d(s) = -s**3 - 2*s**2 - 6. Let z(g) = -g**3 - 2*g**2 - 5. Let o be ((-2)/5)/(1/15). Let p(w) = o*z(w) + 5*d(w). Let l = -2 - 0. Calculate p(l).
0
Let f(w) = w**3 + w**2 - 2. Suppose 48 = 6*y - 2*y. Suppose y = 2*t + t. Suppose -c - t*c = 5*k + 15, 5*k - 3 = 4*c. Calculate f(c).
-6
Let q(u) = -4*u**3 + 3*u**2 - u + 21. Let n(m) = -m**3 + m**2 + 5. Let k(y) = 9*n(y) - 2*q(y). Suppose -5*s = v - 12, -4*v - 9 = -v. Give k(s).
9
Let a(h) = 2*h + 7. Let v be a(-5). Let j be (3/(-2))/((-6)/16). Let x(p) = -j*p - p + 6*p. Give x(v).
-3
Suppose -3*u = a + 4, 5*a = u + 13 + 15. Let y(r) = 2*r + 3. Let z(x) = -5*x - 7. Let d(h) = -7*y(h) - 3*z(h). Calculate d(u).
-3
Let z = -36 + 32. Let v(b) = 2*b + 4. What is v(z)?
-4
Let v(x) = x - 1. Let s(i) = 1. Let g(t) = -t**3 + 2*t**2 - 2*t + 2. Let n be g(2). Let p(l) = n*v(l) - 3*s(l). Let m be (21/14)/((-6)/(-8)). Determine p(m).
-5
Let p(q) = q**2 - 5*q + 2. Let s = 3 + -6. Let v be -1 - (18/s)/3. Let w be 3/(v + -2 + 2). Give p(w).
-4
Let a(o) = -10*o**3 + 2*o**2 - 1. Suppose -r + h = 2*r + 4, 6 = -r + 5*h. Give a(r).
11
Let l be (-12)/(-30) - 18/(-5). Let b(k) = -44*k - 35*k + 77*k - l*k**2. Let p be -2 + -1 - (-2 + 1). Calculate b(p).
-12
Let r(h) = 8*h**2 - 7*h**2 - 3*h + 2*h**3 + 1 - 2. Determine r(-2).
-7
Let a(b) = 177*b**2 - 59*b**2 - 6*b - 56*b**2 - 61*b**2 + 4. What is a(5)?
-1
Let a(c) = -c**2 - 3*c + 4. Let p(y) = 2*y**2 + 7*y - 9. Let k(b) = -5*a(b) - 2*p(b). Determine k(3).
10
Let d(m) = -9*m + 17*m + 1 - 6*m. Determine d(2).
5
Let t(z) = z**2 + z - 1. Let g(l) = 4*l**2 - l. Let d(n) = -g(n) + 3*t(n). Determine d(2).
1
Let h = 4 + -2. Let u(v) = v**2 - 3*v - 6. Let d(n) = -n**2 + 2*n + 6. Let o(p) = h*u(p) + 3*d(p). Determine o(0).
6
Suppose q + 23 = 5*k, k - 5*q + 4 = -1. Let b = k + -2. Let i(m) = m + 0 + 1 + b - 3. Determine i(-4).
-3
Let y(p) be the first derivative of -p**4/4 - 5*p**3/3 - 3*p**2/2 - 7*p + 2. Suppose -5*l + 5 - 29 = -k, 0 = k + 1. Determine y(l).
8
Let w(p) = p + 1. Suppose -5*b = -2*u - 29, u + 2*b - 6 = 2. Give w(u).
-1
Let l(o) be the third derivative of -1/6*o**3 + 1/24*o**4 + 0 - 2*o**2 + 0*o. Let f = 4 + -7. Determine l(f).
-4
Let o(p) = -6*p - 4 - p**2 + 0*p + 3. Let r(k) = 3*k**2 + 2*k + 2. Let d(s) = 6*s**2 + 4*s + 3. Let y(f) = -3*d(f) + 5*r(f). Let c be y(1). Give o(c).
7
Let v(u) be the second derivative of u**5/20 + u**4/3 - 2*u**3/3 - 3*u**2 + 3*u. Determine v(-5).
-11
Let r(x) = -x**3 + 3*x**2 + 2*x - 6. Let i be -2 + 54/8 + 